Let a(h) = -2*h**3 - 99*h**2 + 51*h + 17. Determine a(-50).
-33
Let q(r) = -r**3 - 15*r**2 + 49*r - 83. What is q(-18)?
7
Let l(f) = f**3 + 21*f**2 - 25*f - 76. What is l(-22)?
-10
Let l(h) = h**2 + 719*h + 4277. What is l(-6)?
-1
Let y(s) = 4460*s - 147184. Give y(33).
-4
Let n(w) = -w**2 - 26*w - 200. Calculate n(-19).
-67
Let v(t) = -2088*t - 37584. Determine v(-18).
0
Let u(q) = -3*q**3 - 105*q**2 - 285*q + 102. What is u(-32)?
6
Let p(k) = -2*k**2 - 92*k - 1026. What is p(-19)?
0
Let n(o) = -o**3 - 17*o**2 - 26*o - 47. Determine n(-15).
-107
Let h(f) = -4*f**2 - 84*f + 110. What is h(-23)?
-74
Let b(s) = 2*s**2 - 64*s + 290. Determine b(5).
20
Let u(n) = -825*n + 12. Determine u(1).
-813
Let f(l) = -45*l**2 - 2251*l - 45. Determine f(-50).
5
Let s(m) = m**3 - 7*m**2 - 2219*m + 11150. Give s(5).
5
Let h(i) = -i**2 - 1141*i + 24399. Calculate h(21).
-3
Let i(d) = 177*d - 1047. What is i(6)?
15
Let a(d) = 53*d + 819. What is a(-15)?
24
Let l(s) = 4*s**3 - 31*s**2 - 10*s + 10. What is l(8)?
-6
Let d(y) = -y**2 + 37*y - 129. Calculate d(39).
-207
Let z(t) = -49*t - 996. What is z(-21)?
33
Let h(f) = -588*f + 2379. What is h(4)?
27
Let x(h) = -17*h - 36. Determine x(-6).
66
Let t(b) = -b**2 + 171*b - 855. Determine t(5).
-25
Let d(x) = -14*x**3 - 5*x**2 + 42*x + 143. Calculate d(-3).
350
Let l(r) = 10*r + 35. What is l(-10)?
-65
Let c(o) = -5*o - 68. Give c(-26).
62
Let g(o) = 3320*o - 142758. What is g(43)?
2
Let p(q) = 9*q**2 - 45*q + 159. Determine p(5).
159
Let o(r) = -r**3 + 7*r**2 - 29*r + 77. What is o(4)?
9
Let q(x) = x**3 - 78*x**2 + 72*x + 319. Calculate q(77).
-66
Let i(z) = z**3 - 50*z**2 + 141*z - 53. Determine i(47).
-53
Let i(o) = 6*o**2 - o - 101. Give i(0).
-101
Let q(m) = -m**2 - 43*m - 340. Calculate q(-25).
110
Let c(j) = -79*j**3 + 314*j**2 + 13*j - 17. Give c(4).
3
Let y(b) = -2*b**2 + 189*b - 217. What is y(95)?
-312
Let u(v) = -5*v**3 + 3*v**2 + 15*v + 18. Determine u(-2).
40
Let a(m) = -m**3 - 22*m**2 - 11*m + 203. Calculate a(-21).
-7
Let t(b) = 7*b**2 + 30*b - 217. Give t(-8).
-9
Let v(t) = 171*t + 1173. What is v(-7)?
-24
Let g(q) = 15*q - 35. What is g(9)?
100
Let m(t) = -2*t**2 + 55*t - 339. Determine m(18).
3
Let u(n) = 2*n**3 - n**2 - n - 2. Calculate u(-1).
-4
Let t(g) = 4*g**2 - 176*g + 634. What is t(40)?
-6
Let c(t) = 1437*t - 9. Give c(0).
-9
Let j(v) = 7*v**2 - 5*v - 198. Calculate j(-5).
2
Let j(a) = -176*a - 4573. Determine j(-26).
3
Let s(i) = 26*i**2 + 11*i + 12. What is s(-4)?
384
Let l(z) = 57*z + 1420. Calculate l(-25).
-5
Let p(u) = -u**2 + 56*u + 384. Determine p(-6).
12
Let b(c) = -c**3 - 21*c**2 + 81*c + 1707. What is b(-21)?
6
Let c(f) = 147*f - 2956. Give c(20).
-16
Let j(o) = o**2 + 159*o - 472. Give j(3).
14
Let l(w) = -w**3 + 12*w**2 + 179*w - 1069. What is l(6)?
221
Let s(r) = r**2 - 10*r - 18. Give s(-2).
6
Let l(p) = 2*p**3 - p**2 + 11*p + 27. Calculate l(-4).
-161
Let u(o) = o**3 - 2*o**2 - 52*o - 92. Determine u(-2).
-4
Let h(l) = -l**3 + l + 199. What is h(6)?
-11
Let w(f) = -2*f**3 - 12*f**2 - 7*f + 12. What is w(-6)?
54
Let h(b) = b**3 - 9*b**2 + 21*b - 28. Give h(8).
76
Let x(m) = -68*m + 1223. Give x(22).
-273
Let p(q) = q**2 + 5*q - 132. Give p(10).
18
Let u(m) = 3*m**2 + 3*m - 41. Give u(0).
-41
Let o(m) = -7*m - 11. Give o(-5).
24
Let t(i) = -4*i**3 - 27*i**2 - 4*i - 86. Give t(-7).
-9
Let s(h) = h**3 + 2*h**2 - 3*h + 21. Calculate s(-5).
-39
Let g(b) = b**2 + 47*b + 177. Determine g(-40).
-103
Let q(z) = 3*z**3 + 83*z**2 - 31*z - 121. Calculate q(-28).
-37
Let m(i) = 7*i**2 - 2509*i - 15306. Calculate m(-6).
0
Let l(x) = -4*x**2 - 13*x + 38. Calculate l(-6).
-28
Let s(q) = 11*q - 103. What is s(7)?
-26
Let r(o) = -7*o**3 - 176*o**2 - 31*o - 129. Calculate r(-25).
21
Let m(y) = y**2 + 214*y + 842. What is m(-4)?
2
Let o(b) = -56*b - 495. Determine o(-8).
-47
Let m(k) = 160*k - 2481. Determine m(15).
-81
Let u(c) = 12*c + 242. Calculate u(-21).
-10
Let f(g) = -9*g**2 - 7*g + 183. Give f(10).
-787
Let q(c) = -78*c**2 - 307*c + 20. What is q(-4)?
0
Let i(g) = -2*g**2 - 1265*g + 19415. Calculate i(15).
-10
Let b(t) = t**2 - 8*t - 279. Give b(-14).
29
Let k(m) = -m**3 + 2*m**2 + 299*m - 9. What is k(0)?
-9
Let g(b) = 222*b + 1127. Calculate g(-5).
17
Let z(a) = -35*a**2 - 177*a - 11. Determine z(-5).
-1
Let q(r) = -135*r + 676. Give q(5).
1
Let n(g) = -2*g**2 - 142*g - 671. What is n(-66)?
-11
Let n(i) = -394*i + 550. Determine n(3).
-632
Let w(d) = d + 26. Give w(-38).
-12
Let i(n) = -396*n - 795. What is i(-2)?
-3
Let b(a) = -4*a**3 - 50*a**2 - 20*a + 47. Determine b(-12).
-1
Let v(z) = z**2 + 5*z + 40. Determine v(-7).
54
Let x(z) = 2*z**2 + 307*z + 902. Give x(-3).
-1
Let d(f) = -40*f + 336. Determine d(9).
-24
Let g(z) = -33*z + 1. What is g(-5)?
166
Let z(m) = m**2 - 13*m - 86. Calculate z(20).
54
Let d(z) = -z**3 - 31*z**2 - 160*z + 77. What is d(-7)?
21
Let m(i) = -i**2 + 21*i - 21. Give m(23).
-67
Let f(t) = -t**2 + 13*t - 1. Calculate f(0).
-1
Let y(o) = 2*o**3 + 17*o**2 - 220*o - 1339. Calculate y(-13).
0
Let d(l) = 3*l**2 + 207*l - 2911. Determine d(-81).
5
Let z(x) = x**3 + 30*x**2 - 181*x - 269. What is z(-35)?
-59
Let y(k) = 2*k**3 + 73*k**2 - 252*k + 1109. Calculate y(-40).
-11
Let j(k) = k**3 + 28*k**2 + 75*k + 10. Calculate j(-25).
10
Let z(k) = 2*k**3 - 8*k**2 - 2*k - 236. Give z(0).
-236
Let o(p) = -4*p**3 - 115*p**2 + 242*p + 6182. Determine o(-29).
5
Let p(v) = -81*v**2 + 43*v + 47. Determine p(-1).
-77
Let h(f) = f**2 + 200*f + 3616. Give h(-180).
16
Let p(j) = 34*j + 341. Give p(-7).
103
Let s(b) = -b**2 + 61*b - 263. Determine s(59).
-145
Let q(h) = -h**3 - 15*h**2 - 57*h - 18. Determine q(-8).
-10
Let n(w) = 10*w**2 - 6*w + 85. Give n(0).
85
Let r(u) = -u**3 + 17*u**2 - 45*u + 18. Determine r(14).
-24
Let s(p) = -316*p + 1230. Calculate s(4).
-34
Let v(f) = 3*f**3 + 237*f**2 + 229*f - 393. Calculate v(-78).
-3
Let j(i) = 2366*i - 14191. What is j(6)?
5
Let p(i) = i**3 - 23*i**2 + 20*i - 15. Calculate p(22).
-59
Let y(s) = s**3 + 28*s**2 + 57*s + 59. What is y(-25)?
509
Let z(s) = s**3 - 13*s**2 - 25081*s + 163. What is z(165)?
-2
Let h(j) = -3*j**2 - 75*j - 89. What is h(-22)?
109
Let n(k) = -k**2 - 95*k + 1175. Calculate n(11).
9
Let q(j) = j**3 + 36*j**2 - 80*j - 148. Determine q(-38).
4
Let c(o) = -25*o**3 + 4*o**2 + 2*o + 1. Determine c(-1).
28
Let b(i) = 345*i + 2057. Determine b(-6).
-13
Let x(g) = 3*g**2 + 116*g + 1091. Give x(-21).
-22
Let w(o) = 3*o**2 - 389*o + 2472. Determine w(123).
12
Let j(o) = -o**2 - 53*o - 484. Give j(-33).
176
Let c(k) = 9*k**2 + 73*k - 71. What is c(-9)?
1
Let g(s) = -25*s**2 + 854*s - 55. Determine g(34).
81
Let x(n) = 25*n**2 - 32*n - 64. Give x(-2).
100
Let x(i) = -i**3 + 12*i**2 + 19*i + 341. Determine x(15).
-49
Let c(k) = 92*k**2 - 58*k - 13. Determine c(3).
641
Let m(g) = 137*g + 136. Calculate m(-1).
-1
Let s(q) = 3*q**3 + 32*q**2 - 12*q - 23. Calculate s(-11).
-12
Let s(n) = -n**2 + 14*n + 60. What is s(24)?
-180
Let a(h) = -6*h**2 + 28*h + 261. Determine a(-8).
-347
Let m(d) = -d**3 + 23*d**2 - 46*d + 126. Give m(21).
42
Let k(b) = b**3 + 8*b**2 - 8*b - 15. Calculate k(-4).
81
Let o(a) = 2*a**3 - 484*a**2 + 4642*a - 472. Give o(232).
-8
Let k(d) = 126*d - 693. Calculate k(5).
-63
Let d(a) = a**2 - 140*a - 1998. What is d(-13)?
-9
Let t(x) = 7*x + 192. Calculate t(-16).
80
Let t(h) = 51*h - 1982. Calculate t(39).
7
Let r(c) = 2*c**3 - 14*c**2 - 49*c - 58. Calculate r(10).
52
Let f(i) = 315*i**2 - 25*i - 24. What is f(-1)?
316
Let m(s) = -s**2 - 56*s - 280. Determine m(-5).
-25
Let i(z) = 1886*z + 5632. Determine i(-3).
-26
Let v(f) = -83*f - 6271. Determine v(-76).
37
Let c(k) = 4*k**3 - 93*k**2 - 67*k - 115. What is c(24)?
5
Let b(j) = -j**3 + 38*j**2 + 126*j - 128. What is b(41)?
-5
Let t(i) = 2*i**2 - 859*i + 6738. What is t(8)?
-6
Let t(q) = -315*q - 384. Determine t(-2).
246
Let j(f) = -2*f**2 - 15*f + 1. Determine j(-4).
29
Let f(l) = l**2 - 367*l + 1451. Give f(4).
-1
Let r(a) = -a**3 - 74*a**2 + 2353*a - 27. Give r(24).
-3
Let o(p) = -82*p - 394. Calculate o(-7).
180
Let j(g) = -13*g**2 - 66*g - 2. What is j(-6)?
-74
Let l(d) = -28*d**2 + 69*d - 70. Give l(1).
-29
Let u(h) = h**2 + 11*h - 126. What is u(-14)?
-84
Let f(s) = -653*s + 3268. Calculate f(5).
3
Let x(v) = v**2 + 4*v + 935. What is x(0)?
93